 - 11. Calculate the remainder when 86 is divided by w(6).
8
Calculate the remainder when -5 + -2 + 4*31 is divided by 40.
37
Let w be (-5)/15 + (-66)/(-9). Let j(g) = 7 - g + w - 7 + 0*g. Calculate the remainder when 48 is divided by j(-10).
14
Calculate the remainder when 108 is divided by (-410)/41*(-1 + -3*1).
28
Let g(y) = -y**3 + 17*y**2 - 43*y + 51. Calculate the remainder when g(13) is divided by 38.
16
Let u be 161/14 + 3/(-6). Let r = u + 3. What is the remainder when 38 is divided by r?
10
Suppose 2*y + r - 46 = 0, 106 = -12*y + 16*y - 5*r. Calculate the remainder when 59 is divided by y.
11
Let z be ((-33)/6)/1*-2. Let g = 14 - z. What is the remainder when 4 is divided by g?
1
Suppose -3*d = 5*q - 7*d - 725, -3*q + 3*d = -435. What is the remainder when q is divided by 37?
34
Suppose 5*l + 245 = 12*l. Suppose -134 = -4*r + 2*w, l = r + 4*w - 3*w. What is the remainder when r is divided by 19?
15
Let z(p) = 28*p - 18. Let o be z(3). Suppose 6*t + g - o = 4*t, 4*t - 132 = -3*g. What is the remainder when 89 is divided by t?
23
Let p = -11 - -25. Let f be -2 - 26/(-10) - 1881/(-15). Calculate the remainder when 5202/f + (-2)/7 is divided by p.
13
Let b = -363 - -373. Calculate the remainder when 23 is divided by b.
3
Suppose 14*z - 4400 = -26*z. What is the remainder when z is divided by 33?
11
Suppose 2*b + 119 = 7. Let r = -23 - b. Suppose 3*l - 285 = -5*v + 188, -5*v + 5*l + 505 = 0. Calculate the remainder when v is divided by r.
31
Suppose 0 = -2*o + 20 - 6. Suppose -4*q - 4*r + 108 = 0, -3*q + 2*r - o*r + 91 = 0. Let j = -326 + 339. Calculate the remainder when q is divided by j.
9
Suppose 2 = -u - 3*m + 41, -4*u + 148 = 4*m. Suppose 0 = u*t - 38*t + 68. What is the remainder when 101 is divided by t?
33
Suppose -5*d - 5*q = -1235, -d + 261 = -4*q - 11. Calculate the remainder when d is divided by 79.
15
Let y = 311 + -278. What is the remainder when 65 is divided by y?
32
Suppose 0 = -0*f + 3*f - 24. Let a be (8 - 11)/(3/f). Calculate the remainder when 81 is divided by (5 + a)*(-6 + -1).
18
Let h = 15 + -12. Suppose h*p + 3*n - 33 = 0, -5*p + p + 4*n = -4. What is the remainder when 14 is divided by p?
2
Let u be -6 + 2 + (-1 - -66). Suppose u + 47 = 9*y. Let m(a) = -a**3 + 7*a**2 - 3. Calculate the remainder when m(3) is divided by y.
9
Let h(m) = -m + 3. Let d be h(3). Suppose -2*o - 5*n + 33 = d, -2*n + 51 = 2*o + 3*o. Calculate the remainder when o is divided by 4.
1
Let c(m) = 3*m - 2. Let v be (-20)/12*(-7 + -2). Suppose 4*x + s - 12 = 6*s, 5*x = 3*s + v. What is the remainder when c(4) is divided by x?
1
Calculate the remainder when 247 is divided by (-9)/21 - ((-744)/21 - -4).
30
What is the remainder when 79 is divided by 27/189 - (-363)/7?
27
Let n = 301 + -199. Calculate the remainder when n is divided by 55.
47
Suppose 41 = 5*w + 3*i - 7*i, 4*w = 4*i + 36. Let u(l) = -l + 4*l + 9 - 4. What is the remainder when 99 is divided by u(w)?
19
Suppose 3*a - 175 = -10*y + 5*y, 0 = 4*y + 3*a - 137. What is the remainder when y is divided by 8?
6
Let s be (-51)/(-34)*(-8)/(-6). Suppose -3*w - 2*m = m - 18, s*m = 3*w - 3. What is the remainder when (1/(-1))/(-1) - -1 - -8 is divided by w?
1
Let v(q) = -q**3 + 4*q**2 + 3*q - 12. Let p be v(6). Calculate the remainder when 41/(4/(-22) - 78/p) is divided by 136/10 + 4/10.
13
Let u(t) = -2*t + 22. Let h(o) = -4*o - 1. Let a be h(-3). Let d be u(a). Let r(p) = -p**3 - p + 5. What is the remainder when 19 is divided by r(d)?
4
Let h(b) = b**2 - 2*b + 6. Let d be h(5). Let r = 3 - 0. Suppose 0 = r*v - 0*v - d. Calculate the remainder when v is divided by 3.
1
Suppose -4*t + a - 4*a + 868 = 0, -2*a = 0. Suppose t + 83 = 6*w. What is the remainder when w is divided by (-30)/(-2) + -1*2?
11
Suppose 3*n = m + 143, 4*m - 212 = -0*n - 4*n. Let f = -382 + 399. Calculate the remainder when n is divided by f.
15
Let m(a) = 6*a**3 - 3*a**2 - 2*a + 5. What is the remainder when 183 is divided by m(2)?
35
Let s(l) = 2*l**2 - 13*l - 4. What is the remainder when 34/51 - (-710)/6 is divided by s(8)?
19
Suppose 0 = q - 5*x + 7 + 11, -2*q + x - 9 = 0. Calculate the remainder when 43 is divided by q/(-9)*(53 - -1).
7
Let q(l) = l**3 - 6*l**2 + 3*l - 5. Suppose 2*u - 4*u + 21 = -3*s, 33 = 3*u - 5*s. Let h be q(u). What is the remainder when 57 is divided by h + 3 + 0 + -1?
12
Let k(x) = x**3 - 7*x**2 + x + 10. Calculate the remainder when k(9) is divided by 21.
13
Suppose 33*o - 234 = 7*o. Suppose -5*d = -d + r - 516, 3*d - r - 394 = 0. Suppose -d = -2*q - 3*q. Calculate the remainder when q is divided by o.
8
Let c = -245 + 488. What is the remainder when c is divided by 61?
60
Let k be (-2)/(-1) - (1 + -3 - -1). Suppose -52 = -3*x + 5*q, -3*q - 73 = -k*x - x. Calculate the remainder when x is divided by 12.
7
Suppose n - 51 = -19. Suppose -m + 508 = -0*i + 4*i, 3*m - 390 = -3*i. Calculate the remainder when i is divided by n.
30
Suppose 5*w - 164 = -3*i, -2*i + 131 = -4*w + 3*w. Calculate the remainder when i is divided by 5.
3
Suppose -3*t - 4*u + 87 = 0, -t - 3*u - 2*u = -40. Calculate the remainder when 64 is divided by t.
14
Let h(a) = a**2 - 13*a + 2. Let z be h(13). Suppose b - 9 = -z. Suppose 4*d - 2*f - 5 = 11, 4*f + 8 = 0. Calculate the remainder when b is divided by d.
1
Suppose -3*w + 20 - 5 = 0. Suppose 0*m + m - w = 0. Calculate the remainder when 2/17 + 2144/272 is divided by m.
3
Let k be ((-37)/5)/((-10)/50). Let b = k - 19. Calculate the remainder when 104/2 - (0 + 0) is divided by b.
16
Calculate the remainder when 2/(-4) + 763/14 is divided by 6/5*(-2 + (-182)/(-21)).
6
Suppose -2*l = 4*q + 273 + 375, l - 2*q + 308 = 0. Let g = -178 - l. Calculate the remainder when g is divided by 35.
33
Let v = -6 - -10. Suppose -3*q - 2 = -4*z - 0, 5*q + v*z = 50. Let r = 2175 + -2159. What is the remainder when r is divided by q?
4
What is the remainder when 153 is divided by (-312)/(-16)*(-1 + -1 + 4)?
36
Let w(q) = q**3 - 7*q**2 + 37*q - 173. Let b(h) = -h**2 - 10*h - 6. Let v be b(-8). Calculate the remainder when (44/v)/((-1)/(-5)) is divided by w(6).
9
What is the remainder when 204 is divided by (-10*(-22)/660)/((-2)/(-30))?
4
Suppose -f + 0*f = -2. Suppose 0 = 2*s - 2 - f. Let b = -314 + 323. What is the remainder when b is divided by s?
1
Let t = 28 + -8. Let a = -113 - -215. Let f = -3 + a. Calculate the remainder when f is divided by t.
19
Suppose 5*c + 82 = 6*c. Let i(h) = h**2 + 47*h + 294. What is the remainder when c is divided by i(-7)?
12
Let c be 0/(0 + -3) + 0. Suppose -r - 2*p + 15 = c, r + 3*p - 12 = 6. Calculate the remainder when r is divided by (-30)/(-4) + 3/(-2).
3
Let d(y) = -y**3 + 7*y**2 - 8*y + 20. Let z be d(5). Suppose -52*f + 55*f = z. Calculate the remainder when 79 is divided by f.
9
Suppose -2*t = -5*z + 182, 4*z + 6*t = 2*t + 140. Suppose 4*l = z + 28. Calculate the remainder when 76 is divided by l.
12
Suppose 0 = -3*r - 2*q + 17, -3*q = -3 - 9. Calculate the remainder when 77 is divided by r/12 + 206/8.
25
Suppose 3*q - 4*q + 21 = 2*t, 4*t - q = 57. Let j(u) be the first derivative of u**3 - 3*u**2 + 3*u + 24. Calculate the remainder when j(-3) is divided by t.
9
Suppose -2*n + 46 = 5*p, 16*n - 21*n + 146 = -3*p. What is the remainder when ((-3)/(-2))/(9/312) is divided by n?
24
Let y = -75 + 37. Let k = y - -137. What is the remainder when k is divided by 51?
48
Let q(t) = t**3 + 3*t**2 - 7*t - 24. What is the remainder when q(5) is divided by 12?
9
Suppose -11*o - 192 = -335. Calculate the remainder when 124 is divided by o.
7
Calculate the remainder when 42 is divided by 375/20 + ((-21)/12 - -2).
4
Let t = 7 + -4. Suppose 0 = -3*a + 3*l - 2*l - 23, 9 = -4*a - t*l. Calculate the remainder when 38 is divided by -1 + 18 - (10 + a).
12
Suppose -5*t + 8 = 3, 0 = 5*b + 4*t + 11. What is the remainder when 31 is divided by (1/b)/((-5)/165)?
9
Let j = -11 + 14. Suppose 33 = j*m + u, 2*m + 2*u - 6*u - 36 = 0. What is the remainder when 23 is divided by m?
11
Let k = 18 + 9. Let h = 34 - k. What is the remainder when 20 is divided by h?
6
Suppose 1958 + 4944 = 29*p. Calculate the remainder when p is divided by 24.
22
Let g(v) = -20*v + 89. What is the remainder when 122 is divided by g(3)?
6
Let d(r) = r**2 - 6*r + 5. Let m be d(14). Suppose -6*g + 2*g + 2